uppose 0*z = -z + 1. Let o(i) = 166*i**3 - i + 1. Let m be o(z). Let j = m + -39. Is j a composite number?
False
Suppose -4*c + 5516 = 33368. Is ((-4)/6)/(22/c) prime?
True
Suppose 0 = -3*f + 5*a - 2, -2*a - 7 = -4*f - 5*a. Let u(d) = -d**2 + d. Let n be u(f). Suppose n = 5*h - 3*c - 812, 2*c = h + 3*h - 650. Is h prime?
True
Suppose 4*a - 3*a + 3 = -3*h, 0 = 5*h + 5*a + 15. Suppose -3*c + 3*p + 57 = h, -2*p - 76 = -4*c + 3*p. Is c a composite number?
False
Suppose 3*r + 3*m - 987 = 0, 4*r + 0*m - 1330 = 3*m. Let f = r - -190. Is f a composite number?
False
Suppose -4419 - 1546 = -5*p. Is p prime?
True
Let y = -14 + 7. Is (-136)/(-1) - (y - -10) composite?
True
Let z(o) = -32*o - 9. Is z(-4) a prime number?
False
Let c(g) = -2*g**3 + 5 + 5*g**3 + 1 - 5*g**2 - 7*g - 2*g**3. Is c(7) composite?
True
Suppose 5*r = 3*s + 69 + 4, 5*s + 5 = 0. Let t = r - -4. Is (-4)/t + (-1772)/(-36) a composite number?
True
Let u(n) = 9*n - 1. Let q be u(-1). Is (-336)/(-35) + (-4)/q a prime number?
False
Suppose 1975 = 8*n - 3*n. Is n a prime number?
False
Is 65632/36 - (1 - 24/27) a composite number?
False
Suppose -6*x - x = -107947. Is x composite?
True
Let h = 12 - -2. Is h prime?
False
Let l(f) = 13*f - 9*f - 9*f. Is l(-13) composite?
True
Suppose y - 63 = -0*y. Suppose -r = 2*r + y. Is -1*r/((-3)/(-1)) a composite number?
False
Is 7*(-22)/(-2)*1 a prime number?
False
Let b be (-88)/(-1) + (-1)/1. Suppose 0 = -4*r - r + 5. Suppose -b = -4*j + r. Is j a prime number?
False
Suppose -2*p = w - 8, -5*w - 5 = -4*p - p. Is -2 + (-66)/(p + -5) composite?
False
Is 1 - ((-3426 - -4) + 4) a prime number?
False
Suppose 625 = -3*a + 4*a. Let o = a + -435. Suppose -4*q + o = q. Is q composite?
True
Let p(x) = -2*x + 11. Let n(u) = -3*u - 23. Let f(y) = -5*y - 46. Let h(b) = 6*f(b) - 11*n(b). Let w(v) = -2*h(v) - 5*p(v). Is w(8) composite?
False
Suppose 5*a = 5*h + 60, -22 - 15 = -3*a + 2*h. Suppose -m + a = -0*m. Is m a composite number?
False
Suppose 3*l - v - 28 = -10, 0 = 3*v. Is (-39)/l*(-2 + -12) a composite number?
True
Suppose -10 = 5*x - 35. Suppose -y = -3*w - 36 + x, 4*y + 3*w - 64 = 0. Suppose -3*p + 4*f + 13 = 0, 2*p = -5*f + y + 5. Is p a prime number?
True
Let u(t) = -t**3 + t + 1. Let x = 0 + 1. Let n be x - 2 - (2 + -1). Is u(n) a prime number?
True
Suppose -5 = -4*a + 3. Is -2 + a + -1 + 184 prime?
False
Let l(w) = 20*w**2 - w. Let b(z) = -4*z. Let v be b(-1). Let u be (-2 - -1)/(v + -5). Is l(u) a prime number?
True
Suppose 0*g = -4*g, g - 12 = -4*y. Let i(c) = 3*c**3 - 3*c**2 + 2*c + 2. Let b be i(y). Let q = b + 71. Is q composite?
True
Let y = -57 + 133. Let m be 7/2 - (-1)/2. Suppose 0*n + y = m*n. Is n composite?
False
Suppose 4*a + 8 = 2*a. Let m = -2087 - -1463. Is m/(-44) - a/(-22) prime?
False
Suppose 14 = 2*w - 22. Let a = w + 217. Is a composite?
True
Suppose 4*y = 3080 + 2764. Is y prime?
False
Suppose 0 = 2*g + 4*c + 10 - 32, 0 = -2*g - c + 13. Let h(k) = -11*k + 4. Let o(z) = 10*z - 3. Let y(t) = -3*h(t) - 2*o(t). Is y(g) prime?
True
Let u = 9 + -5. Is 129*4/48*u a prime number?
True
Let b(i) = 10*i**2 - 19*i + 5. Is b(8) a composite number?
True
Suppose 6 = -5*x + 2*h, -8*x - 4*h + 12 = -3*x. Suppose 5*p + 3*w - 469 = x, -4*p + 322 = -2*w - 62. Is p composite?
True
Let z(v) = 3*v - 4. Let t be z(3). Suppose -t*g + 8*g = 57. Let f = 110 - g. Is f a composite number?
True
Is (-186)/12*41*-2 a composite number?
True
Let l(b) = 295*b - 12. Is l(7) composite?
False
Suppose 0 = 2*s - z - 657, 0*z - z - 328 = -s. Is s a composite number?
True
Suppose 10*n = 6*n + 1284. Is n composite?
True
Let y = 407 + -206. Suppose -5*g + 4*p = -439, -5*g - p + 233 + y = 0. Is g composite?
True
Let p(s) = -s**3 - 2*s**2 + s. Let j be p(-2). Let c(k) = -3*k - 3. Let x be c(j). Let h(y) = y**3 + 2*y + 4. Is h(x) composite?
False
Suppose 0 = -5*z - t + 25, 0 = -z - z + 4*t - 12. Suppose 23 = -z*s - 69. Let y = -12 - s. Is y a composite number?
False
Let m(l) = -l**2 + 2*l + 3. Let b be m(3). Let r be (4/10)/(1/30). Suppose 3*k + 5*d - r - 278 = b, 3*k - 5*d = 280. Is k composite?
True
Let q(m) = 17*m + 18*m + 1 - 5*m. Is q(1) a composite number?
False
Is (-4)/(-6) - 687/(-9) a composite number?
True
Let d(p) = 20*p**2 + 17*p + 2. Is d(-4) a prime number?
False
Let r = 898 - -1987. Is r a prime number?
False
Suppose 0 = 5*d - 2*d - 1347. Is d a composite number?
False
Let j = -286 + 495. Is j composite?
True
Suppose 2*s + d = 370, 0*s - 4*d = 5*s - 925. Suppose -5*c - 70 = -s. Is c a composite number?
False
Suppose 5*g + 2 + 3 = 0. Let p = 1 - g. Suppose 0 = 4*u + p*w - 152, -5*w = 2 - 12. Is u prime?
True
Suppose 3*p - 5*p = -1114. Let w = p + -300. Is w a prime number?
True
Let w(a) = 2*a**2 + 4*a - 7. Suppose -4*p - 16 = -5*r - 3*p, -5*r = -2*p - 17. Is w(r) a prime number?
True
Let d = 1614 + 639. Is d prime?
False
Let x = -3 + -12. Let t(z) = -z + 8. Is t(x) prime?
True
Suppose 0 = 4*m - 35 + 15. Suppose 5*a - 835 = -5*t, 0 = m*a - t - 4*t - 855. Is a a prime number?
False
Suppose -4*t = 2*m - 152, 0 = 4*m - 0*m - 4*t - 364. Is m a prime number?
False
Suppose 2*g - 3 = 1. Suppose -5*m - 5*a = -5, -4*m - 2*a - 2 = -12. Suppose g*s - 4 = m. Is s composite?
True
Let u(b) = b**2 - 6*b + 4. Let d be u(6). Let f(l) = 104*l - 3. Is f(d) a prime number?
False
Let a(b) = b + 11. Suppose 2*l + 160 = 2. Let y be (-6)/27 + l/9. Is a(y) prime?
True
Let y = 17 + 4. Is y a composite number?
True
Let d be (6/7)/(3/(-21)). Let f(z) = 5*z**2 + 12*z + 7. Is f(d) composite?
True
Let l be (-1)/3 + (-14)/(-6). Suppose -l = -3*s + 4*s. Is s - (-4)/2*4 prime?
False
Suppose -3*w - 39 + 135 = -5*f, 4*f - 49 = -w. Is w a composite number?
False
Let m(t) = t**3 + t**2 - t + 265. Is m(0) prime?
False
Suppose 5*b - 858 = 397. Is b prime?
True
Let g(x) be the third derivative of -x**4/24 + x**3/3 - 2*x**2. Let k be g(-3). Suppose -k*a + 462 = -3*a + 4*o, -12 = 3*o. Is a a prime number?
True
Suppose 406 = -z + 3*z - 5*q, 5*q - 1015 = -5*z. Is z a composite number?
True
Let p(g) be the first derivative of 15*g**2/2 - 2. Let m be p(7). Suppose 0 = -5*q, -b = -6*b - 4*q + m. Is b prime?
False
Suppose 2*d + d = 4*i - 15, 0 = -d - 5. Suppose -4*k + 910 = k + 3*m, k + 2*m - 189 = i. Is k prime?
True
Let g(d) = -4*d + 22. Is g(-13) a prime number?
False
Suppose -3*h - 179 = -q, -45 = 5*h + 5*q + 220. Let k = 177 + h. Is k composite?
True
Let i(c) = 256*c - 35. Is i(7) prime?
False
Suppose -3*q + 1056 = 63. Is q composite?
False
Let j = -3 - -3. Suppose j = 3*l - 65 - 220. Is l prime?
False
Suppose -3*y + 67 = -35. Let k be 81/(-6)*(-44)/6. Let n = k - y. Is n a composite number?
True
Let u be -1 + 1 - (-44 + 1). Suppose -128 = -2*s + 5*t, -2*t = 2 - 10. Let d = s - u. Is d a prime number?
True
Let m be (-64)/((-4 - 0)/(-24)). Let x = m + 547. Is x composite?
False
Let v be -1 - 0 - (3 + 84). Let l = v - -147. Is l a prime number?
True
Let s(k) be the first derivative of -k**2/2 + 7*k + 4. Let l be s(0). Let p(r) = 7*r + 10. Is p(l) a composite number?
False
Let f(s) = s**2 - 3*s + s**3 - 2 - 11 - 8*s**2. Suppose -3*k + 0*k - 53 = -5*d, 43 = 4*d - 3*k. Is f(d) prime?
True
Let x(l) = -l - 1. Let z(n) be the second derivative of 45*n**2 - n. Let t(f) = x(f) + z(f). Is t(0) a prime number?
True
Let f = 2 - -3. Suppose 5*c + b = -13 + 41, 0 = 5*c + 2*b - 31. Suppose -u + c*u - 5*a - 63 = 0, 0 = f*a - 25. Is u prime?
False
Let f(h) = -h + 10. Let v be f(9). Is ((-1)/1)/(v/(-43)) composite?
False
Let o be -2 + 2 + (0 - -69). Suppose 2*x + 0*x + 32 = 0. Let i = x + o. Is i composite?
False
Let g = 28 - 17. Let o = 85 - g. Is o a composite number?
True
Suppose 0 = 2*y - 2*f - 980, -4*y + 751 + 1194 = -f. Is y a prime number?
False
Suppose m + 0*m = 4, 5*m = 2*g - 232. Let w = g - 33. Is w a prime number?
False
Let k(y) = y**2 + 11*y. Let u be k(-11). Suppose -15 = x - 4*x, u = 3*i + 4*x - 20. Is ((i - 2) + 7)*19 a composite number?
True
Let c = 17 + -6. Let j = 12 + c. Is j a composite number?
False
Let y be 1068/(-8)*(-2)/3. Suppose r - h + 3*h = y, -r - 5*h = -104. Is r a prime number?
True
Suppose -4*c = 3*r - 673, 4*r + 412 = 4*c - 268. Is c a composite number?
True
Suppose s = 2*z + 18, 2*z + 34 = -2*s + 7*s. Let g(y) be the first derivative of -8*y**2 + 3*y + 1. Is g(z) a prime number?
False
Let d